{"id":1182,"date":"2026-03-27T19:18:54","date_gmt":"2026-03-27T17:18:54","guid":{"rendered":"http:\/\/restauranteabadestriana.test\/la-charte\/"},"modified":"2026-04-17T12:58:52","modified_gmt":"2026-04-17T10:58:52","slug":"notre-carte","status":"publish","type":"page","link":"https:\/\/abadestriana.com\/fr\/notre-carte\/","title":{"rendered":"La Charte"},"content":{"rendered":"","protected":false},"excerpt":{"rendered":"","protected":false},"author":1,"featured_media":0,"parent":0,"menu_order":0,"comment_status":"closed","ping_status":"closed","template":"carta.php","meta":{"_acf_changed":false,"inline_featured_image":false,"footnotes":""},"class_list":["post-1182","page","type-page","status-publish","hentry"],"acf":[],"yoast_head":"<!-- This site is optimized with the Yoast SEO plugin v26.8 - https:\/\/yoast.com\/product\/yoast-seo-wordpress\/ -->\n<title>La Charte - Abades Triana Restaurante<\/title>\n<meta name=\"description\" content=\"D\u00e9couvrez le menu d&#039;Abades Triana, un restaurant s\u00e9lect o\u00f9 r\u00e8gne la cr\u00e9ativit\u00e9 de la \u00ab Cuisine andalouse d&#039;avant-garde \u00bb.\" \/>\n<meta name=\"robots\" content=\"index, follow, max-snippet:-1, max-image-preview:large, max-video-preview:-1\" \/>\n<link rel=\"canonical\" href=\"https:\/\/abadestriana.com\/fr\/notre-carte\/\" \/>\n<meta property=\"og:locale\" content=\"fr_FR\" \/>\n<meta property=\"og:type\" content=\"article\" \/>\n<meta property=\"og:title\" content=\"La Charte - Abades Triana Restaurante\" \/>\n<meta property=\"og:description\" content=\"D\u00e9couvrez le menu d&#039;Abades Triana, un restaurant s\u00e9lect o\u00f9 r\u00e8gne la cr\u00e9ativit\u00e9 de la \u00ab Cuisine andalouse d&#039;avant-garde \u00bb.\" \/>\n<meta property=\"og:url\" content=\"https:\/\/abadestriana.com\/fr\/notre-carte\/\" \/>\n<meta property=\"og:site_name\" content=\"Abades Triana Restaurante\" \/>\n<meta property=\"article:modified_time\" content=\"2026-04-17T10:58:52+00:00\" \/>\n<meta name=\"twitter:card\" content=\"summary_large_image\" \/>\n<script type=\"application\/ld+json\" class=\"yoast-schema-graph\">{\"@context\":\"https:\/\/schema.org\",\"@graph\":[{\"@type\":\"WebPage\",\"@id\":\"https:\/\/abadestriana.com\/fr\/notre-carte\/\",\"url\":\"https:\/\/abadestriana.com\/fr\/notre-carte\/\",\"name\":\"La Charte - Abades Triana Restaurante\",\"isPartOf\":{\"@id\":\"https:\/\/abadestriana.com\/fr\/#website\"},\"datePublished\":\"2026-03-27T17:18:54+00:00\",\"dateModified\":\"2026-04-17T10:58:52+00:00\",\"description\":\"D\u00e9couvrez le menu d'Abades Triana, un restaurant s\u00e9lect o\u00f9 r\u00e8gne la cr\u00e9ativit\u00e9 de la \u00ab Cuisine andalouse d'avant-garde \u00bb.\",\"breadcrumb\":{\"@id\":\"https:\/\/abadestriana.com\/fr\/notre-carte\/#breadcrumb\"},\"inLanguage\":\"fr-FR\",\"potentialAction\":[{\"@type\":\"ReadAction\",\"target\":[\"https:\/\/abadestriana.com\/fr\/notre-carte\/\"]}]},{\"@type\":\"BreadcrumbList\",\"@id\":\"https:\/\/abadestriana.com\/fr\/notre-carte\/#breadcrumb\",\"itemListElement\":[{\"@type\":\"ListItem\",\"position\":1,\"name\":\"Home\",\"item\":\"https:\/\/abadestriana.com\/fr\/\"},{\"@type\":\"ListItem\",\"position\":2,\"name\":\"La Charte\"}]},{\"@type\":\"WebSite\",\"@id\":\"https:\/\/abadestriana.com\/fr\/#website\",\"url\":\"https:\/\/abadestriana.com\/fr\/\",\"name\":\"Abades Triana Restaurante\",\"description\":\"Abades Triana es uno de los mejores restaurantes de Sevilla y el m\u00e1s reservado de toda la ciudad. A orillas del r\u00edo Guadalquivir frente a la Torre del Oro.\",\"potentialAction\":[{\"@type\":\"SearchAction\",\"target\":{\"@type\":\"EntryPoint\",\"urlTemplate\":\"https:\/\/abadestriana.com\/fr\/?s={search_term_string}\"},\"query-input\":{\"@type\":\"PropertyValueSpecification\",\"valueRequired\":true,\"valueName\":\"search_term_string\"}}],\"inLanguage\":\"fr-FR\"}]}<\/script>\n<!-- \/ Yoast SEO plugin. -->","yoast_head_json":{"title":"La Charte - Abades Triana Restaurante","description":"D\u00e9couvrez le menu d'Abades Triana, un restaurant s\u00e9lect o\u00f9 r\u00e8gne la cr\u00e9ativit\u00e9 de la \u00ab Cuisine andalouse d'avant-garde \u00bb.","robots":{"index":"index","follow":"follow","max-snippet":"max-snippet:-1","max-image-preview":"max-image-preview:large","max-video-preview":"max-video-preview:-1"},"canonical":"https:\/\/abadestriana.com\/fr\/notre-carte\/","og_locale":"fr_FR","og_type":"article","og_title":"La Charte - Abades Triana Restaurante","og_description":"D\u00e9couvrez le menu d'Abades Triana, un restaurant s\u00e9lect o\u00f9 r\u00e8gne la cr\u00e9ativit\u00e9 de la \u00ab Cuisine andalouse d'avant-garde \u00bb.","og_url":"https:\/\/abadestriana.com\/fr\/notre-carte\/","og_site_name":"Abades Triana Restaurante","article_modified_time":"2026-04-17T10:58:52+00:00","twitter_card":"summary_large_image","schema":{"@context":"https:\/\/schema.org","@graph":[{"@type":"WebPage","@id":"https:\/\/abadestriana.com\/fr\/notre-carte\/","url":"https:\/\/abadestriana.com\/fr\/notre-carte\/","name":"La Charte - Abades Triana Restaurante","isPartOf":{"@id":"https:\/\/abadestriana.com\/fr\/#website"},"datePublished":"2026-03-27T17:18:54+00:00","dateModified":"2026-04-17T10:58:52+00:00","description":"D\u00e9couvrez le menu d'Abades Triana, un restaurant s\u00e9lect o\u00f9 r\u00e8gne la cr\u00e9ativit\u00e9 de la \u00ab Cuisine andalouse d'avant-garde \u00bb.","breadcrumb":{"@id":"https:\/\/abadestriana.com\/fr\/notre-carte\/#breadcrumb"},"inLanguage":"fr-FR","potentialAction":[{"@type":"ReadAction","target":["https:\/\/abadestriana.com\/fr\/notre-carte\/"]}]},{"@type":"BreadcrumbList","@id":"https:\/\/abadestriana.com\/fr\/notre-carte\/#breadcrumb","itemListElement":[{"@type":"ListItem","position":1,"name":"Home","item":"https:\/\/abadestriana.com\/fr\/"},{"@type":"ListItem","position":2,"name":"La Charte"}]},{"@type":"WebSite","@id":"https:\/\/abadestriana.com\/fr\/#website","url":"https:\/\/abadestriana.com\/fr\/","name":"Abades Triana Restaurante","description":"Abades Triana es uno de los mejores restaurantes de Sevilla y el m\u00e1s reservado de toda la ciudad. A orillas del r\u00edo Guadalquivir frente a la Torre del Oro.","potentialAction":[{"@type":"SearchAction","target":{"@type":"EntryPoint","urlTemplate":"https:\/\/abadestriana.com\/fr\/?s={search_term_string}"},"query-input":{"@type":"PropertyValueSpecification","valueRequired":true,"valueName":"search_term_string"}}],"inLanguage":"fr-FR"}]}},"_links":{"self":[{"href":"https:\/\/abadestriana.com\/fr\/wp-json\/wp\/v2\/pages\/1182","targetHints":{"allow":["GET"]}}],"collection":[{"href":"https:\/\/abadestriana.com\/fr\/wp-json\/wp\/v2\/pages"}],"about":[{"href":"https:\/\/abadestriana.com\/fr\/wp-json\/wp\/v2\/types\/page"}],"author":[{"embeddable":true,"href":"https:\/\/abadestriana.com\/fr\/wp-json\/wp\/v2\/users\/1"}],"replies":[{"embeddable":true,"href":"https:\/\/abadestriana.com\/fr\/wp-json\/wp\/v2\/comments?post=1182"}],"version-history":[{"count":11,"href":"https:\/\/abadestriana.com\/fr\/wp-json\/wp\/v2\/pages\/1182\/revisions"}],"predecessor-version":[{"id":6261,"href":"https:\/\/abadestriana.com\/fr\/wp-json\/wp\/v2\/pages\/1182\/revisions\/6261"}],"wp:attachment":[{"href":"https:\/\/abadestriana.com\/fr\/wp-json\/wp\/v2\/media?parent=1182"}],"curies":[{"name":"wp","href":"https:\/\/api.w.org\/{rel}","templated":true}]}}

<!-- This site is optimized with the Yoast SEO plugin v26.8 - https://yoast.com/product/yoast-seo-wordpress/ -->
<title>La Charte - Abades Triana Restaurante</title>
<meta name="description" content="Découvrez le menu d&#039;Abades Triana, un restaurant sélect où règne la créativité de la « Cuisine andalouse d&#039;avant-garde »." />
<meta name="robots" content="index, follow, max-snippet:-1, max-image-preview:large, max-video-preview:-1" />
<link rel="canonical" href="https://abadestriana.com/fr/notre-carte/" />
<meta property="og:locale" content="fr_FR" />
<meta property="og:type" content="article" />
<meta property="og:title" content="La Charte - Abades Triana Restaurante" />
<meta property="og:description" content="Découvrez le menu d&#039;Abades Triana, un restaurant sélect où règne la créativité de la « Cuisine andalouse d&#039;avant-garde »." />
<meta property="og:url" content="https://abadestriana.com/fr/notre-carte/" />
<meta property="og:site_name" content="Abades Triana Restaurante" />
<meta property="article:modified_time" content="2026-04-17T10:58:52+00:00" />
<meta name="twitter:card" content="summary_large_image" />
<script type="application/ld+json" class="yoast-schema-graph">{"@context":"https://schema.org","@graph":[{"@type":"WebPage","@id":"https://abadestriana.com/fr/notre-carte/","url":"https://abadestriana.com/fr/notre-carte/","name":"La Charte - Abades Triana Restaurante","isPartOf":{"@id":"https://abadestriana.com/fr/#website"},"datePublished":"2026-03-27T17:18:54+00:00","dateModified":"2026-04-17T10:58:52+00:00","description":"Découvrez le menu d'Abades Triana, un restaurant sélect où règne la créativité de la « Cuisine andalouse d'avant-garde ».","breadcrumb":{"@id":"https://abadestriana.com/fr/notre-carte/#breadcrumb"},"inLanguage":"fr-FR","potentialAction":[{"@type":"ReadAction","target":["https://abadestriana.com/fr/notre-carte/"]}]},{"@type":"BreadcrumbList","@id":"https://abadestriana.com/fr/notre-carte/#breadcrumb","itemListElement":[{"@type":"ListItem","position":1,"name":"Home","item":"https://abadestriana.com/fr/"},{"@type":"ListItem","position":2,"name":"La Charte"}]},{"@type":"WebSite","@id":"https://abadestriana.com/fr/#website","url":"https://abadestriana.com/fr/","name":"Abades Triana Restaurante","description":"Abades Triana es uno de los mejores restaurantes de Sevilla y el más reservado de toda la ciudad. A orillas del río Guadalquivir frente a la Torre del Oro.","potentialAction":[{"@type":"SearchAction","target":{"@type":"EntryPoint","urlTemplate":"https://abadestriana.com/fr/?s={search_term_string}"},"query-input":{"@type":"PropertyValueSpecification","valueRequired":true,"valueName":"search_term_string"}}],"inLanguage":"fr-FR"}]}</script>
<!-- / Yoast SEO plugin. -->

Découvrez le menu d'Abades Triana, un restaurant sélect où règne la créativité de la « Cuisine andalouse d'avant-garde ».

Abades Triana es uno de los mejores restaurantes de Sevilla y el más reservado de toda la ciudad. A orillas del río Guadalquivir frente a la Torre del Oro.
